s digit of 544227?
4
What is the hundreds digit of 330789?
7
What is the hundreds digit of 1313342?
3
What is the thousands digit of 148283?
8
What is the units digit of 1781193?
3
What is the hundred thousands digit of 1191085?
1
What is the ten thousands digit of 400375?
0
What is the tens digit of 664519?
1
What is the hundreds digit of 125922?
9
What is the ten thousands digit of 367602?
6
What is the tens digit of 24893292?
9
What is the thousands digit of 534914?
4
What is the hundreds digit of 415105?
1
What is the tens digit of 523270?
7
What is the thousands digit of 359985?
9
What is the hundreds digit of 36351?
3
What is the hundred thousands digit of 2829469?
8
What is the ten thousands digit of 130180?
3
What is the ten thousands digit of 5341960?
4
What is the ten thousands digit of 10675812?
7
What is the hundreds digit of 806431?
4
What is the units digit of 24335817?
7
What is the hundreds digit of 1060710?
7
What is the ten thousands digit of 1070783?
7
What is the thousands digit of 2238998?
8
What is the hundred thousands digit of 741417?
7
What is the millions digit of 4178445?
4
What is the units digit of 1825741?
1
What is the ten thousands digit of 248137?
4
What is the units digit of 87763?
3
What is the units digit of 918092?
2
What is the tens digit of 143504?
0
What is the units digit of 7753268?
8
What is the units digit of 11077933?
3
What is the ten millions digit of 19149977?
1
What is the hundreds digit of 193699?
6
What is the thousands digit of 7860250?
0
What is the tens digit of 115490?
9
What is the tens digit of 13064265?
6
What is the units digit of 2028937?
7
What is the thousands digit of 1154952?
4
What is the hundreds digit of 26231677?
6
What is the units digit of 1189704?
4
What is the units digit of 1924?
4
What is the millions digit of 4891913?
4
What is the hundreds digit of 4489143?
1
What is the ten thousands digit of 145931?
4
What is the millions digit of 1161403?
1
What is the tens digit of 215509?
0
What is the hundreds digit of 1864123?
1
What is the units digit of 3669987?
7
What is the thousands digit of 888990?
8
What is the millions digit of 9377708?
9
What is the hundred thousands digit of 4369199?
3
What is the tens digit of 15983216?
1
What is the ten thousands digit of 5302517?
0
What is the tens digit of 26862?
6
What is the thousands digit of 2075977?
5
What is the hundred thousands digit of 352179?
3
What is the hundreds digit of 185487?
4
What is the thousands digit of 448592?
8
What is the units digit of 751922?
2
What is the tens digit of 10737960?
6
What is the millions digit of 1958164?
1
What is the units digit of 155530?
0
What is the units digit of 3859267?
7
What is the hundreds digit of 258896?
8
What is the hundreds digit of 2976320?
3
What is the thousands digit of 84945?
4
What is the units digit of 1693343?
3
What is the hundred thousands digit of 1409307?
4
What is the hundred thousands digit of 377882?
3
What is the hundred thousands digit of 4139792?
1
What is the tens digit of 344097?
9
What is the tens digit of 3374957?
5
What is the hundred thousands digit of 2132792?
1
What is the ten thousands digit of 26470226?
7
What is the units digit of 624843?
3
What is the thousands digit of 22447?
2
What is the hundred thousands digit of 724532?
7
What is the hundreds digit of 3138036?
0
What is the hundreds digit of 760774?
7
What is the hundreds digit of 63943?
9
What is the tens digit of 6170119?
1
What is the hundred thousands digit of 1284402?
2
What is the units digit of 15012444?
4
What is the thousands digit of 3370514?
0
What is the ten thousands digit of 508146?
0
What is the ten thousands digit of 1450318?
5
What is the hundreds digit of 13338726?
7
What is the hundreds digit of 2102136?
1
What is the hundred thousands digit of 5939633?
9
What is the units digit of 2077395?
5
What is the units digit of 86325?
5
What is the millions digit of 2510715?
2
What is the tens digit of 2338324?
2
What is the units digit of 1063950?
0
What is the ten thousands digit of 19557956?
5
What is the hundreds digit of 5605637?
6
What is the tens digit of 2365381?
8
What is the hundreds digit of 2034938?
9
What is the ten thousands digit of 18368484?
6
What is the hundreds digit of 136948?
9
What is the thousands digit of 14918?
4
What is the ten thousands digit of 1890943?
9
What is the hundreds digit of 13141001?
0
What is the thousands digit of 203364?
3
What is the tens digit of 636027?
2
What is the hundreds digit of 3083397?
3
What is the hundreds digit of 292090?
0
What is the tens digit of 1242617?
1
What is the tens digit of 95502?
0
What is the thousands digit of 25710333?
0
What is the units digit of 500939?
9
What is the thousands digit of 761237?
1
What is the millions digit of 13068467?
3
What is the millions digit of 2319155?
2
What is the tens digit of 1698?
9
What is the hundred thousands digit of 226229?
2
What is the hundreds digit of 1060345?
3
What is the hundreds digit of 3255484?
4
What is the tens digit of 2893371?
7
What is the units digit of 111634?
4
What is the tens digit of 61321?
2
What is the thousands digit of 242129?
2
What is the hundred thousands digit of 302222?
3
What is the millions digit of 7387706?
7
What is the ten millions digit of 17779982?
1
What is the units digit of 3183892?
2
What is the millions digit of 4368097?
4
What is the hundred thousands digit of 382885?
3
What is the thousands digit of 136280?
6
What is the hundred thousands digit of 9258065?
2
What is the tens digit of 26456?
5
What is the tens digit of 15826635?
3
What is the units digit of 527337?
7
What is the millions digit of 11341488?
1
What is the tens digit of 439155?
5
What is the thousands digit of 181173?
1
What is the hundred thousands digit of 385319?
3
What is the ten thousands digit of 375863?
7
What is the thousands digit of 917091?
7
What is the hundreds digit of 319473?
4
What is the tens digit of 3822?
2
What is the units digit of 524295?
5
What is the hundred thousands digit of 13544085?
5
What is the hundreds digit of 260038?
0
What is the units digit of 580832?
2
What is the ten thousands digit of 830970?
3
What is the units digit of 352822?
2
What is the hundred thousands digit of 5199588?
1
What is the hundred thousands digit of 1161914?
1
What is the ten thousands digit of 217232?
1
What is the thousands digit of 89692?
9
What is the hundreds digit of 707870?
8
What is the units digit of 568748?
8
What is the units digit of 1041677?
7
What is the ten thousands digit of 2346672?
4
What is the hundreds digit of 1431367?
3
What is the ten thousands digit of 682978?
8
What is the thousands digit of 23159131?
9
What is the millions digit of 14855048?
4
What is the ten thousands digit of 5953407?
5
What is the hundred thousands digit of 353761?
3
What is the hundred thousands digit of 241373?
2
What is the units digit of 35984852?
2
What is the units digit of 6611139?
9
What is the thousands digit of 607346?
7
What is the ten thousands digit of 21149?
2
What is the tens digit of 474181?
8
What is the hundred thousands digit of 8063367?
0
What is the hundreds digit of 803579?
5
What is the thousands digit of 6366862?
6
What is the tens digit of 41456516?
1
What is the units digit of 477529?
9
What is the hundred thousands digit of 11936932?
9
What is the ten thousands digit of 5778632?
7
What is the hundreds digit of 339946?
9
What is the hundreds digit of 6702895?
8
What is the units digit of 2995008?
8
What is the hundreds digit of 6856500?
5
What is the ten thousands digit of 3692512?
9
What is the ten thousands digit of 2207460?
0
What is the thousands digit of 1441395?
1
What is the ten thousands digit of 25778?
2
What is the thousands digit of 132924?
2
What is the thousands digit of 799691?
9
What is the ten thousands digit of 5623082?
2
What is the thousands digit of 39811968?
1
What is the hundreds digit of 3513708?
7
What is the hundreds digit of 32333376?
3
What is the hundred thousands digit of 304729?
3
What is the ten thousands digit of 674245?
7
What is the units digit of 465627?
7
What is the tens digit of 10825317?
1
What is the tens digit of 12955282?
8
What is the units digit of 574673?
3
What is the hundred thousands digit of